ctor of 31959?
False
Does 8 divide 2345?
False
Is 4 a factor of 6834?
False
Does 26 divide 30794?
False
Is 6762 a multiple of 161?
True
Is 100 a factor of 3800?
True
Is 100 a factor of 6000?
True
Is 10355 a multiple of 7?
False
Is 793 a multiple of 3?
False
Is 35 a factor of 8705?
False
Is 34 a factor of 11696?
True
Is 23 a factor of 1211?
False
Does 46 divide 5288?
False
Does 242 divide 25465?
False
Does 5 divide 2073?
False
Is 1040 a multiple of 20?
True
Is 83491 a multiple of 51?
False
Does 7 divide 8989?
False
Is 1264 a multiple of 37?
False
Does 68 divide 69088?
True
Does 79 divide 5487?
False
Does 178 divide 8544?
True
Is 4411 a multiple of 14?
False
Is 18804 a multiple of 6?
True
Does 74 divide 11973?
False
Is 2294 a multiple of 62?
True
Does 4 divide 44?
True
Does 30 divide 180?
True
Is 152 a multiple of 23?
False
Is 2387 a multiple of 31?
True
Is 250 a multiple of 28?
False
Does 11 divide 119?
False
Is 51 a factor of 1020?
True
Is 952 a multiple of 2?
True
Is 8704 a multiple of 17?
True
Is 782 a multiple of 17?
True
Does 5 divide 2206?
False
Is 3 a factor of 321?
True
Is 34 a factor of 4454?
True
Is 204 a multiple of 7?
False
Is 718 a multiple of 9?
False
Is 6 a factor of 2826?
True
Is 2 a factor of 5784?
True
Is 1492 a multiple of 9?
False
Is 12 a factor of 16752?
True
Is 132 a multiple of 2?
True
Is 58275 a multiple of 35?
True
Does 10 divide 910?
True
Is 18949 a multiple of 32?
False
Is 68 a factor of 35123?
False
Is 203 a factor of 45142?
False
Is 1683 a multiple of 21?
False
Does 45 divide 20239?
False
Does 15 divide 957?
False
Is 1476 a multiple of 83?
False
Is 75 a factor of 8462?
False
Does 5 divide 251?
False
Is 343 a multiple of 7?
True
Does 20 divide 1952?
False
Does 62 divide 77053?
False
Is 3438 a multiple of 81?
False
Does 8 divide 21?
False
Does 56 divide 1736?
True
Is 41 a factor of 1207?
False
Does 9 divide 141?
False
Is 2 a factor of 434?
True
Is 19364 a multiple of 206?
True
Does 5 divide 1544?
False
Is 21 a factor of 114?
False
Does 24 divide 9258?
False
Does 2 divide 97?
False
Is 33912 a multiple of 54?
True
Is 8 a factor of 33586?
False
Is 3828 a multiple of 22?
True
Is 4 a factor of 112?
True
Does 10 divide 3951?
False
Is 9474 a multiple of 49?
False
Does 12 divide 10283?
False
Is 104 a multiple of 14?
False
Is 6105 a multiple of 55?
True
Is 39934 a multiple of 41?
True
Does 48 divide 103392?
True
Is 197 a multiple of 8?
False
Is 11 a factor of 660?
True
Is 150 a factor of 1732?
False
Does 115 divide 5060?
True
Is 108 a multiple of 6?
True
Does 6 divide 69128?
False
Is 24 a factor of 408?
True
Is 12 a factor of 1548?
True
Is 9666 a multiple of 54?
True
Is 21 a factor of 19808?
False
Is 32 a factor of 384?
True
Does 12 divide 106136?
False
Is 36 a factor of 7958?
False
Does 179 divide 7518?
True
Is 27 a factor of 26285?
False
Does 55 divide 12210?
True
Is 1092 a multiple of 52?
True
Does 169 divide 5177?
False
Is 315 a multiple of 9?
True
Is 2 a factor of 22?
True
Is 1215 a multiple of 27?
True
Is 10 a factor of 13850?
True
Is 4245 a multiple of 14?
False
Is 13 a factor of 326?
False
Is 52972 a multiple of 34?
True
Is 349 a multiple of 56?
False
Is 1011 a multiple of 2?
False
Is 235 a factor of 96763?
False
Does 108 divide 17235?
False
Does 15 divide 1562?
False
Is 20 a factor of 570?
False
Does 44 divide 3432?
True
Is 146 a factor of 78701?
False
Does 4 divide 4781?
False
Does 10 divide 130?
True
Is 15 a factor of 1764?
False
Is 4652 a multiple of 3?
False
Is 179 a factor of 77149?
True
Is 298 a multiple of 12?
False
Does 24 divide 6072?
True
Is 100 a multiple of 50?
True
Is 23 a factor of 45655?
True
Is 47 a factor of 423?
True
Is 74 a factor of 32152?
False
Is 708 a multiple of 15?
False
Is 50 a factor of 900?
True
Does 8 divide 272?
True
Is 19 a factor of 5187?
True
Is 4 a factor of 21?
False
Is 19 a factor of 92065?
False
Is 34434 a multiple of 9?
True
Is 166 a multiple of 46?
False
Is 269 a multiple of 9?
False
Is 29 a factor of 261?
True
Is 86645 a multiple of 25?
False
Is 396 a multiple of 17?
False
Is 6 a factor of 23035?
False
Is 16212 a multiple of 42?
True
Is 1415 a multiple of 6?
False
Is 135 a multiple of 5?
True
Does 88 divide 22088?
True
Is 43 a factor of 6407?
True
Is 6 a factor of 2691?
False
Is 2 a factor of 1125?
False
Is 53772 a multiple of 163?
False
Is 13 a factor of 23582?
True
Is 21 a factor of 8817?
False
Is 32 a factor of 608?
True
Does 25 divide 1146?
False
Does 24 divide 26856?
True
Is 35920 a multiple of 32?
False
Is 406 a multiple of 29?
True
Is 186009 a multiple of 25?
False
Does 52 divide 645?
False
Is 4228 a multiple of 28?
True
Is 1935 a multiple of 45?
True
Does 33 divide 9174?
True
Does 2 divide 10207?
False
Is 85 a factor of 1870?
True
Is 944 a multiple of 27?
False
Is 85263 a multiple of 97?
True
Is 38 a factor of 257?
False
Is 35 a factor of 4340?
True
Is 6 a factor of 5377?
False
Does 46 divide 184?
True
Is 110 a multiple of 3?
False
Is 1197 a multiple of 9?
True
Does 8 divide 2104?
True
Does 18 divide 1926?
True
Does 12 divide 2164?
False
Is 3 a factor of 29?
False
Is 40 a factor of 4200?
True
Is 21 a factor of 1113?
True
Is 4 a factor of 11120?
True
Is 28 a factor of 784?
True
Is 9 a factor of 1202?
False
Is 9280 a multiple of 160?
True
Does 8 divide 216?
True
Is 68 a factor of 3502?
False
Is 3 a factor of 167?
False
Is 82 a factor of 66630?
False
Is 2108 a multiple of 68?
True
Is 35 a factor of 1925?
True
Does 19 divide 554?
False
Is 8115 a multiple of 49?
False
Does 118 divide 2714?
True
Does 67 divide 379?
False
Is 11 a factor of 4818?
True
Is 14 a factor of 3136?
True
Is 50 a factor of 4160?
False
Is 832 a multiple of 32?
True
Is 105 a factor of 8715?
True
Does 6 divide 549?
False
Is 901 a multiple of 12?
False
Is 6789 a multiple of 219?
True
Does 5 divide 434?
False
Is 1099 a multiple of 4?
False
Is 21742 a multiple of 197?
False
Does 12 divide 541?
False
Is 178 a factor of 76098?
False
Is 43 a factor of 27270?
False
Is 12 a factor of 366?
False
Is 39 a factor of 629?
False
Does 3 divide 1116?
True
Does 32 divide 55808?
True
Is 16 a factor of 16235?
False
Is 3459 a multiple of 63?
False
Is 16 a factor of 19870?
False
Does 17 divide 4989?
False
Is 95 a multiple of 4?
False
Is 16 a factor of 10640?
True
Is 18 a factor of 492?
False
Does 116 divide 14886?
False
Does 17 divide 127?
False
Does 19 divide 820?
False
Is 405 a multiple of 45?
True
Is 702 a multiple of 78?
True
Does 6 divide 5346?
True
Is 169 a factor of 16562?
True
Is 1070 a multiple of 19?
False
Does 4 divide 16671?
False
Is 2 a factor of 147?
False
Does 21 divide 14391?
False
Is 503 a multiple of 11?
False
Is 4850 a multiple of 97?
True
Is 12 a factor of 22351?
False
Is 20 a factor of 6720?
True
Is 29 a factor of 7308?
True
Is 33 a factor of 18612?
True
Is 30 a multiple of 3?
True
Is 6 a factor of 489?
False
Is 28 a factor of 11844?
True
Is 42 a multiple of 7?
True
Is 3382 a multiple of 10?
False
Is 2769 a multiple of 71?
True
Is 12 a factor of 2124?
True
Is 475 a multiple of 6?
False
Does 78 divide 69108?
True
Is 9472 a multiple of 70?
False
Is 11690 a multiple of 13?
False
Is 1218 a multiple of 7?
True
Is 8268 a multiple of 26?
True
Is 33228 a multiple of 179?
False
Does 18 divide 14512?
False
Does 3 divide 208?
False
Is 250 a multiple of 125?
True
Is 10 a factor of 31600?
True
Does 13 divide 8073?
True
Is 47937 a multiple of 10?
False
Does 2 divide 967?
False
Does 8 divide 154?
False
Is 35608 a multiple of 26?
False
Is 7080 a multiple of 24?
True
Does 22 divide 902?
True
Is 17 a factor of 4872?
False
Is 7341 a multiple of 43?
False
Is 13 a factor of 182?
True
Does 24 divide 3912?
True
Is 20 a factor of 1619?
False
Does 69 divide 621?
True
Is 73 a factor of 214?
False
Is 96 a factor of 50429?
False
Does 2 divide 41?
False
Does 59 divide 236?
True
Is 56 a factor of 18016?
False
Does 17 divide 10659?
True
Does 76 divide 10656?
False
Is 17781 a multiple of 20?
False
Is 109895 a multiple of 391?
False
Is 3975 a multiple of 144?
False
Does 94 divide 20774?
True
Is 55 a multiple of 7?
False
Does 24 divide 216?
True
Does 55 divide 14630?
True
Is 9 a factor of 8376?
False
Does 28 divide 319?
False
Is 27 a factor of 12155?
False
Is 6 a factor of 79?
False
Is 3640 a multiple of 52?
True
Is 3157 a multiple of 